8). Is (-6)/r*(-8972)/(-2) prime?
True
Suppose 27764 = 8*g - 45252. Is g prime?
True
Let d be ((-25)/10 - -5)/((-1)/(-2)). Suppose 3*q - 6*q + 4*u = -2239, -u + 3770 = d*q. Is q a prime number?
False
Let i = -25 + 29. Is (-1)/(i/3) - (-21450)/120 a prime number?
False
Suppose 37 = -2*z - j, 3*z + 5*j + 72 = 27. Let k be (z + -182)/(2/(-17)). Suppose 6*b + 5*c = 3*b + 1008, -5*b = -4*c - k. Is b prime?
False
Let o be (-109)/(-2) - (-1)/(-2). Suppose 4*p + 7*p = 11. Let h = o + p. Is h a composite number?
True
Is (-209)/(-22)*(0 - -622) a composite number?
True
Let j be (7 - 3)*(3 - (-18)/(-8)). Is j + (-4 - 1072/(-4)) a composite number?
True
Let s(x) = x**3 + 6*x**2 + 4*x - 3. Let k be s(-5). Suppose -y = k*y - 297. Let f = y - 46. Is f composite?
False
Let q = 0 - -3. Let t(j) = 20*j + 3*j - j - 5 - q*j. Is t(4) a composite number?
False
Suppose -8*q = -4*q + d - 16, -3*q + 4*d = 7. Suppose s = 5*t - 10, q*t = -s + 18 + 4. Suppose -2*k + 875 = k - 2*u, -5*u = -s. Is k composite?
False
Let v(r) = -747*r + 12. Is v(-3) prime?
False
Let s(c) = 27*c**2 + 22*c + 47. Is s(-18) a composite number?
True
Let z(o) = 577*o**3 + 6*o**2 - 7*o - 23. Is z(4) a composite number?
False
Let w be -2 + 3 - (-3 - (-3 + 7)). Suppose -w*y = -y - 259. Is y prime?
True
Let j(v) = 7*v + 25. Let x be j(-11). Let h = -42 - x. Is h prime?
False
Suppose 20*w - 121375 - 89285 = 0. Is w a prime number?
False
Let y = 343 + 646. Suppose -v + y = -5*m, m = 4*m. Is v prime?
False
Suppose 4999*r - 5014*r + 342135 = 0. Is r a prime number?
False
Let y = 113 + -120. Let i(w) = 10*w**2 + 17*w. Is i(y) a composite number?
True
Suppose 4*u + 4*t = -16, -3*u = 4*t + t + 20. Suppose u = -5*r - 5. Is 406 + 3 + (-1 - r) composite?
False
Suppose 6*u - 488 = 2*u. Let h(g) = -6*g - 6. Let l be h(-9). Let r = u - l. Is r a prime number?
False
Let n = 670 + 28. Let a = n - -1401. Is a prime?
True
Let i = -4 + 10. Let r be -636*(15/(-6) - -2). Suppose -r = -i*q + 3*q. Is q prime?
False
Let d(h) = -h. Let o be d(-5). Suppose -4*g - 2683 = p, 0*g - o*g + 5*p - 3385 = 0. Let f = -263 - g. Is f a prime number?
True
Suppose -3*t + 2*t = 3*q - 50762, -84608 = -5*q + 3*t. Is q composite?
False
Let i be 6/(-10) - 11406/(-10). Let p be i/8 - 4/(-8). Let t = p + 164. Is t composite?
False
Let s = 2 - 5. Let f be s/1 + 11 - 0. Let y(u) = 7*u + 3. Is y(f) composite?
False
Suppose 5*s + 496818 = 23*s. Is s a composite number?
True
Suppose 4*l - 3*d - 8180 = 3*l, 4*l + 5*d - 32703 = 0. Suppose l = 5*b - 2*s, 2*s = 5*s - 12. Is b composite?
False
Let p = 7536 + -4230. Let o = -1585 + p. Is o a composite number?
False
Let a = -69 + 4. Let f = 87 + a. Is f composite?
True
Suppose 5*b - 4*m = 61, -m + 0*m = 4. Suppose -3*k = c - 5*k - 108, 4*k = 8. Let v = c - b. Is v a prime number?
True
Suppose -406 = z - 5739. Is z a composite number?
False
Let p be 0 + 2 - (-2 - -108). Suppose 30*v - 34*v - 12 = 0. Is v + 7*p/(-4) a prime number?
True
Let b be 0*(-1 + 3/2). Suppose -203 = -4*t + 3*d, b*d - 103 = -2*t + d. Is t composite?
False
Let p be (-5 - -5) + -3 + 0. Is p - 3*(-708)/9 prime?
True
Suppose 0*m + 9010 = 2*m + 4*a, -5*m - 4*a = -22543. Let w be (-4 - -5) + 6/3. Suppose 0 = -2*u - v + 1800, -8*u + 3*v = -w*u - m. Is u composite?
True
Is 52/2*(-3114)/(-36) prime?
False
Suppose 6*p = 14101 + 7973. Is p a prime number?
False
Suppose -12 = -4*s - 0*s. Suppose u + 4*u + 170 = 5*h, 138 = -4*u + s*h. Is -3 + 0 + (0 - u) prime?
False
Suppose 0 = 2*i + 3*s - 23, -64 = -5*i - 4*s + 3*s. Let h = -7 + i. Is (-3)/h + 839/2 prime?
True
Let a = 3103 + -1075. Suppose 0 = 5*q - a + 373. Is q a prime number?
True
Let c be -25*3/(-30)*-8. Let z be (c/(-8))/((-2)/(-456)). Suppose 4*r + 2*w = z, -165 = -r - 2*w + 6*w. Is r prime?
False
Let n(d) = -d**2 + 3*d. Let a be n(4). Let g be 44/(-3) + a/(-6). Let i(v) = -v**2 - 22*v - 19. Is i(g) prime?
False
Let b(j) = 241*j + 214. Is b(43) a composite number?
True
Suppose -2152*n - 12035 = -2157*n. Is n prime?
False
Let d(o) be the first derivative of 3*o**3 + o**2 - 10*o - 5. Is d(-5) prime?
False
Let s = 4433 - -4830. Is s composite?
True
Is (11 + (-543127)/(-39))/((-4)/(-6)) composite?
True
Suppose 3*o = 2*m + 15159, 2*o - 10*m - 10111 = -7*m. Is o prime?
True
Suppose -5*w - 5*s + 385965 = 0, -21*w + s = -18*w - 231563. Is w a composite number?
True
Suppose 42*q - 100511 = 322891. Is q prime?
False
Suppose -4*s + q = -1723, 2*s + 0*s - 860 = 2*q. Let b = s - -6. Is b composite?
True
Suppose 3*w - 9 = -4*i + 2, 0 = -2*w + 2*i - 16. Let p be (8 + w)/(1/1). Suppose 277 = u - 2*q, q = 2*q - p. Is u a composite number?
True
Suppose 2*u - 5*o + o = 4, -o = -4*u + 8. Let q(a) = -16*a + 20*a + 0*a + 5*a**u + 20*a - 27. Is q(16) prime?
True
Suppose 46 = 2*q + i + 175, -2*q - 2*i - 132 = 0. Let a be (q/12)/((-2)/392). Suppose 5*j + n = a + 659, -j - 5*n = -352. Is j prime?
True
Is (-9)/2 - 3/(-6) - -1781 a composite number?
False
Let y be (-23)/(-6) + -5*(-3)/90. Suppose 0 = 2*v + y*w + 1025 - 3359, 0 = -5*w - 5. Is v a composite number?
True
Let n = 1 - 11. Let k be (-610)/(-2) - 0/n. Is k/(3/3*1) a composite number?
True
Let n = -13 + 8. Let k(x) = -x + 5. Let z be k(n). Is 15/z*(-1218)/(-9) composite?
True
Let a(t) = -7*t - 24. Let p be a(-4). Let k(h) = h**3 - 3*h**2 + 4*h - 2. Let w be k(3). Is 17/p*(w + -2) prime?
False
Suppose 0 = c + s - 9, -1 = -3*c + 2*s + 1. Suppose h = -c*r + 123, r - 6*r = 20. Is h a prime number?
True
Suppose 22488 = 4*n - 4*j - j, 4*n = 4*j + 22492. Is n a composite number?
True
Is 2/(-8) - (-156064)/128 a prime number?
False
Let d(j) be the second derivative of -j**5/60 + 113*j**3/6 + 2*j**2 - j. Let f(h) be the first derivative of d(h). Is f(0) a prime number?
True
Let s(j) = -7*j**3 - 13 + 8*j**2 + 7*j + 6*j + 6*j**3. Let f be s(9). Suppose y = -f + 114. Is y a composite number?
True
Suppose 4*j = -5*u - 92, -10 = u + 4*j + 18. Is (-2 - 55)*u + -1 composite?
False
Is 500015/55 + 2/(-11) prime?
True
Let b(v) = -2 - 4 + 17*v**2 - 1 - 5*v. Let g = 32 - 27. Is b(g) a prime number?
False
Let i = 659 + -637. Is i a prime number?
False
Let p(q) = 9*q - 30*q - 7 - 16*q - 48*q. Is p(-2) a prime number?
True
Suppose -27481 = -11*d + 52. Is d a composite number?
False
Suppose 4*g = -y + 7, -y - 3*y - 8 = -2*g. Let h(p) = 20*p**2 + 57*p**2 - 81 + 10*p**2 + 37 + 43 - p. Is h(y) composite?
True
Is (-12)/(-2)*((-2970)/(-20))/27 a prime number?
False
Let f = -26302 - -75317. Is f composite?
True
Is (3 - 5) + 3 - -6030 composite?
True
Let z(m) = 231*m**2 - 178*m - 7. Is z(10) a composite number?
False
Let d(z) = 10*z**2 - z + 5. Let p be 15 - 1*(-6)/(-2). Let v(k) = k**2 - 13*k + 16. Let q be v(p). Is d(q) composite?
True
Let h be (-18)/8*16/(-3). Let c = 15 - h. Is -3 + 89 + (c - 0) a prime number?
True
Let m = -15 + 15. Suppose m = 3*x - 17 + 5. Suppose -361 = -x*v - 45. Is v a composite number?
False
Let v = 1024 - 533. Let k = v + -45. Is k a prime number?
False
Let j(o) = -o**3 + 5*o**2 + 2*o - 5. Let d be 2 - (-60)/(-27) - 38/(-9). Is j(d) prime?
True
Suppose -2*m = 0, -4*m = -5*g - 9*m. Suppose -14*r + 1072 = -10*r. Suppose g*h - 2*h = -r. Is h a prime number?
False
Suppose -5*k = 4*o - 11912, 1 + 1 = -o. Suppose 18*s = 2*s + k. Is s a composite number?
False
Let x(v) = 424*v**2 - 9*v - 14. Is x(-9) composite?
True
Let f(o) = -63*o + 13. Let z be f(-9). Let r = 1094 - z. Suppose 4*j + 384 = q + 127, -2*q + 5*j + r = 0. Is q a composite number?
False
Let s = 51 - 47. Suppose 0 = -4*m + 5*c + 261, s*m - 3*c - 39 = 228. Is m a composite number?
True
Suppose -l + 10 = 4*l + 2*o, 2*o + 18 = 2*l. Suppose 530 = l*d + 142. Is d composite?
False
Let z = 72311 + -41508. Is z prime?
True
Let h = 422 - -95. Is h a composite number?
True
Suppose 0 = -0*z + 4*z + 760. Let f = -131 - z. Is f a prime number?
True
Let x be -2 - (-1 + -2)/(3/2). Suppose x = -c - 4*i + 213, -5*c + 731 + 370 = 2*i. Is c a prime number?
False
Suppose -21*u = -18*u + 112461. Is (0 - 1)/(19/u) prime?
True
Is (-30)/(13 + -7) - -9202 composite?
True
Suppose 4*o = -s + 2835, 2825 = s - 3*o + 5*o. Is s a composite number?
True
Suppose 4*u - 2261 - 1091 = 0. Is u a composite number?
True
Let y be 0 - ((2 - 4) + -6). Suppose x + 555 = 4*x. Suppose -3*d = -y*d + x. Is d composite?
False
Let v be 4/(-22) - 38